at is -7 + -9 + -12 + 23 + -3?
-8
What is the value of (0 - 11) + -88 + 99 - 7?
-7
What is (-8 - -4) + 9 + -6 + -3 + -2?
-6
What is the value of -21 - (3 + 3 + -10 + (-5 - -7))?
-19
-24 - (-19 + (13 - 7))
-11
Calculate (13 - (1 - -2)) + (4 - 13).
1
Calculate 9 - (-1 + -15 + 154 + -149 - -35).
-15
What is 14 + (-78 + 46 - (-5 - 0))?
-13
-18 + 2 + (-14 + 19 + 2 - 3)
-12
What is 35 + 22 + (3 - 44)?
16
Evaluate -2 + -20 + (-16 - -28).
-10
Evaluate (51 - 76 - -23) + 11 + (0 - 1).
8
What is -24 - -19 - ((6 - (-7 + 3)) + -4)?
-11
What is the value of -13 + 1 + 5 - (-1 - -5 - 12)?
1
Calculate (-1 - (-9 + 9)) + -3 + -7 - 7.
-18
Calculate (-1 - -4 - 7) + 36 + -46.
-14
What is the value of -3 - 4 - (-130 - -159 - (13 + 1))?
-22
0 + 0 + 17 - (851 + -846)
12
9 + -34 + 2 + 13
-10
(-11 - (4 + -9)) + 12
6
37 + 9 + (-156 - -125)
15
What is the value of (-40 - (-22 + 15 - 8)) + 0?
-25
Evaluate 14 + (-28 - (-9 - 7)).
2
Calculate -120 + 112 - (-8 + 3).
-3
Calculate 2 + -6 - (15 - (2 - -9 - 12)).
-20
What is 6 + -15 + (5 - 1) - (-7 - 9)?
11
Calculate -8 - (-35 - (-8 - (-11 - -10))).
20
Calculate -19 - (3 + (-5 - 11)).
-6
Evaluate (-27 - ((5 - 22) + 8)) + 2.
-16
What is (16 - 28) + 3 + (-2 - (2 + -4))?
-9
What is -8 + -2 + 1 + (83 - 85)?
-11
Evaluate -26 - (-12 + 6 - 0) - (-6 + -1).
-13
Calculate 15 + (5 - 11 - 2) + -1.
6
What is -132 + 145 + 1 + (0 - 0) + 0?
14
Calculate -17 + (39 - (30 + -28)).
20
Calculate (-16 - (-47 + -7)) + -27.
11
What is (0 - -7) + 107 + -107 - (0 + 1)?
6
What is (-56 - -17 - (6 - 26)) + 16?
-3
(-1 - -2) + -5 + (-8 - (7 - 7))
-12
7 + (-12 - -16 - 14) - (1 + 1)
-5
What is the value of 5 + -11 + 2 + -11 + (-6 - -4)?
-17
What is the value of -10 - (5 + -27) - 1?
11
What is -3 + 19 - (1 + 4) - (6 + -4)?
9
Evaluate 15 + 0 + -14 + -13.
-12
(-3 - (-3 - 6)) + (-2 - 1)
3
Calculate -15 - -10 - (-12 + -3 + -3).
13
(5 + -20 - (-6 + 4 + -2)) + 5
-6
What is 1 + 6 + -5 - -2 - (1 - 7)?
10
Calculate 12 + 4 + -32 - -20.
4
Evaluate 19 - (6 + (19 - -16)).
-22
What is 2 - (20 + -13 - -16)?
-21
What is -2 + (6 + -17 + 20 - 3) + -10?
-6
Evaluate (12330 - 12338) + -6 + (1 - (1 - 1)).
-13
What is -14 + 24 + (2 - (2 + -3) - 4)?
9
Evaluate 8 + 1 + -5 + -1 + 9 + -2.
10
Calculate -20 + 14 + 31 + -10.
15
Evaluate 18 - (14 - 6) - 19.
-9
What is the value of -16 + -7 + 8 + 7 + 8?
0
Calculate (0 + -6 - -12) + 7 - 9.
4
What is -11 + -2 + -4 + 0 + 11?
-6
Calculate -41 - -24 - (15 - 4 - 7).
-21
What is (-16 - (-29 - 30)) + -31?
12
What is 31 - -13 - (-10 + 32)?
22
(-195 - -175 - (1 + -9)) + 43
31
What is the value of 6 - 10 - (5 + -11)?
2
Calculate (-2 - -25) + 21 + 1 + -31.
14
(-24 - 5) + 22 + (16 - 0)
9
What is the value of -4 - 3 - -3 - (1 - -4)?
-9
-15 - (-7 + 0 - 13)
5
Evaluate -3 + (11 - -2) - (177 + -184).
17
What is 11 - (8 - (1 + (2 - 6)))?
0
What is 11 + 5 - 9 - -9?
16
Calculate -3 + -10 + -23 + 12.
-24
Calculate (-23 - -33) + 23 + -39.
-6
What is the value of 0 + -6 - -14 - (-25 + 25)?
8
What is 8 - (-2 + (-2 + 19 - 3))?
-4
What is the value of (9 - 4 - 5) + (-2 - -13)?
11
29 - (-16 - (-7 - (2 + 6)))
30
What is -2 - (26 - 4) - (2 + -2 + -3)?
-21
What is the value of (9 - (0 - -5 - 4)) + -7 + 0?
1
Evaluate 15 + (2 - -12 - (31 + (15 - 36))).
19
What is the value of (-4 - 2) + 1 - (26 - 27)?
-4
Evaluate -10 - (-8 - -12 - 25).
11
Evaluate 0 - -3 - (3 + -19 + 4).
15
Calculate 10 + 33 - (12 + 65).
-34
What is the value of -3 + 8 + 7 + -3 + -20 + -5?
-16
-2 + -6 + (14 - 10)
-4
What is the value of 10 - (-14 + 32 + -8)?
0
Evaluate (5 - 2) + -1 + (-10 - (-8 + -11)).
11
Calculate (-4 - -4) + (0 - -7) + (1 - 1).
7
What is the value of (-13 + 4 - -1) + -7?
-15
-4 + (4 - 3) + (-15 - 3)
-21
What is -13 + 29 + -16 + 3 + -12?
-9
Evaluate 2 + -3 + (47 - 45) - 14 - -6.
-7
Calculate ((-1 - 1) + 6 - (69 + -72)) + -5.
2
What is the value of -2 - 11 - (-659 - -624)?
22
0 + 5 + (21 + -54 - -11)
-17
What is the value of 228 + -232 - (1 - -14)?
-19
Evaluate (-143 + 123 - (-2 + -1)) + 19.
2
What is the value of 21 + -56 - (6 + -15)?
-26
What is 27 - (11 + (11 + 1 - 13))?
17
(-4 - -1) + -4 + (6 + -7 - -4)
-4
What is (-9 - 13) + 53 + -15?
16
What is the value of 1 + 33 + -38 + 19?
15
What is 9 - 5 - 5 - (11 - 5)?
-7
Calculate -22 + -7 + 4 + -5 + 8 - -5.
-17
3 - 0 - 20 - (-13 - -10 - -8)
-22
Evaluate (36 - (5 - -11)) + -11.
9
What is the value of (-5 + 3 - 18) + 12?
-8
What is the value of 1 + -29 - (-48 - -15)?
5
What is -9 - (-16 - 8) - (-6 + 6)?
15
Evaluate (35 - 1 - (-101 + 117)) + -6.
12
Evaluate -9 - ((9 - (11 + -7)) + -16).
2
What is 8 + 0 + (-10 - (5 - (25 - 1)))?
17
What is the value of -69 + 29 - ((-5 - (3 + 0)) + 4)?
-36
What is the value of -4 + (2 - 4) - (72 - 75) - -4?
1
(-3 - 5 - -3) + 16
11
8 - ((-24 - -33) + -13 + 1 + 2)
9
What is the value of -11 + 1 - (-121 - -36 - -44)?
31
Evaluate 0 - (-9 - (-5 - (-6 - -5))).
5
What is the value of (-6 + -2 - -5 - -7) + -5 + -2?
-3
(9 - 5) + -7 + 6 + -5 - 21
-23
What is -1048 - -1072 - (0 - 13)?
37
31 + -15 - (-1 + 12)
5
Evaluate 2 + -6 + (-2 - (6 + -14 + 8)).
-6
What is the value of 0 - 1 - ((38 - 29) + -1 + -2)?
-7
What is the value of 2 - 9 - -5 - (-22 + -2 + 15)?
7
What is the value of (-28 - (40 - 24)) + 20?
-24
Calculate 1 + -1 - (22 + (-2 - 4) - 3).
-13
Evaluate 0 + (-7 - 0) + 5 + (-7 - -5).
-4
Evaluate 4 - (22 + 0 + 8 + -8).
-18
Calculate 18 + 4 - -6 - (20 - 8).
16
What is the value of 17 + -26 - (0 + 0) - 3?
-12
(-2 + 20 - (4 + 2)) + 11 + -3
20
28 + 4 + -53 + 33
12
Calculate 1 + (-3 - -3) - (-34 - -26) - 19.
-10
Calculate 17 + -15 + -6 + 35 + -14.
17
Calculate (8 - 17) + (0 - 3).
-12
Calculate 7 + -10 + -10 + 5.
-8
Calculate 5 + -11 + 4 - 20.
-22
What is the value of 19 + -31 + 31 - -4 - 13?
10
What is the value of 76 + -82 + 10 + (0 - -5)?
9
What is -12 + (-12 - -5) + 8?
-11
Evaluate -33 + -22 + 4 + 44.
-7
Evaluate (-18 - (-1 + 0)) + (-3 - -2).
-18
(-15 - -13) + (-1 - -10) - -19
26
What is -1 + 2 + -135 + 118?
-16
Calculate 1 + 16 + 5 + 0 + -17.
5
-12 + (-12 - (5 + -21))
-8
What is (27 - 3) + -14 - -4?
14
-9 + 14 + (2 - (-1 - (1 + -5)))
4
What is the value of (17 - (-6 + (3 - -3))) + -7?
10
What is 3 + -9 + (-12 - (-6 - 0))?
-12
Calculate 9 + (6 - 20) - -12.
7
What is 4 + (-13 - -13 - 12)?
-8
6 - ((0 - 4 - -3) + -4 - -2)
9
Evaluate 7 + -8 - -32 - 19.
12
What is -7 + 10 - (-9 + -6 + 6)?
12
Calculate 6 - (-3 + (-8 - (-2 - 1))).
14
What is the value of 1 + -2 + -3 - (87 - 101)?
10
Evaluate 7 - 15 - (16 - 18).
-6
6 + -10 - 26 - -29
-1
Calculate -9 - (-8 - -3) - (5 + 3).
-12
-6 - (16 + -7 + -3 - 3)
-9
15 - (17 - -17) - -2
-17
What is the value of -15 + (-8 - (-13 - 8))?
-2
What is the value of (-7 + -3 - -14) + 5 + -3 + 7?
13
3 - (-7 + 4) - -6
12
34 + (11 + 2 - (-13 - -22)) - 11
27
What is the value of -3 + 8 + -3 - (0 - 4 - 0)?
6
Calculate 99 - (-9 + 114) - (0 + -11 - -1).
4
Evaluate (3 - 7) + 2 + 3.
1
Calculate 10 + (-58 - -51 - (6 + -1)).
-2
Evaluate 2 + 8 - ((14 - 11) + 11 - 20).
16
What is the value of -11 + 4 + 19 - (7 + -9 + -19)?
33
Evaluate 2 + 51 + -13 + -21.
19
What is 6 - (-25 + 14 + 16)?
1
Evaluate (-13 - 6) + 10 + 12.
3
Evaluate -2 - -1 - (-35 + 31) - 3 - -10.
10
What is 66 + -62 - (-2 + 9 - -1)?
-4
Calculate 501 - 471 - (-4 + 3 + (-2 - -13)).
20
Calculate 21 + (-19 - -3 - -5) + (3 - 2).
11
What is (30 - 13) + (-27 - -22)?
12
What is the value of 7 - (4 - (6 + 6))?
15
What is the value of (-20 + 36 - (-5 + -15)) + -8?
28
Calculate -2 + (-9 - (-10 - (-1 - 6))).
-8
2 + (1 - -7) - 2 - (-8 - -35)
-19
Evaluate 1 + -12 - -1 - (-47 + 75 + -10).
-28
14 - (18 - 26) - 33
-11
What is 10 + (-3 - 12) + -1 + 1?
-5
What is -3 + 1 + (-40 - (-43 + -6))?
7
Evaluate -8 - (-28 + 14) - (8 - -2) - -2.
-2
-36 + (-26 - (-1 - 45))
-16
What is the value of -6 - (-1 - -1) - (-2271 + 2281)?
-16
Evaluate 19 + -12 + -33 - -14.
-12
What is 179 - 188 - (-24 - -1) - 6?
8
31 + ((-5 + 2 - 2) + 3 - 7)
22
Evaluate -11 + (15 - 6 - -3) + (-3 - -16).
14
What is -16 + 10 + -17 + 19?
-4
What is the value of 5 - (-64 - (-22 + -18))?
29
What is -9 + 11 + -2 + (2 - (9 + -1))?
-6
(-12 - -9 - -4 - 5) + (-4 - 1)
-9
Calculate -3 + 13 - ((6 - 4) + -12).
20
Calculate -12 - ((7 - 12) + -1).
-6
Calculate -11 + (1 - 0) + 19.
9
What is the value of (10 - 5) + -23 + (3 - -4)?
-11
What is the value of (0 - 3) + -2 - ((-9 - -17) + -16)?
3
34 + (51 - 102) - (-31 + 0)
14
Wha